ommon divisor of h and q.
16
Let d be (65/2)/(101/202). Calculate the greatest common divisor of d and 13.
13
Let x = 24208 - 23647. What is the greatest common divisor of x and 209?
11
Suppose 94 = 6*r - i, -10*i + 7*i = 12. Calculate the greatest common divisor of 909 and r.
3
Suppose 3*i - a = 16, -2*i + a = -i - 2. Let j = 14 - 9. Suppose 0*p = j*p - 10, -p = w - 58. What is the highest common factor of w and i?
7
Let u(b) = -69*b - 814. Let p be u(-12). Calculate the greatest common factor of 9 and p.
1
Let d(b) = 11 - 2 + 2 - 3 - b. Let q be d(-14). Let i(l) = -2*l**3 - 5*l**2 + 2*l - 5. Let m be i(-5). What is the highest common factor of q and m?
22
Let z = -5 + 3. Let h be (-1)/(z*1/174). Let c(d) = 58*d**2 - 2052*d - 2052. Let b be c(-1). What is the highest common divisor of b and h?
29
Suppose 139*h = 94*h + 2340. What is the highest common factor of h and 18?
2
Let w = 14 + 19. Let f be (4 - (1 - 2)) + -2 + w. Suppose 17 + 3 = 5*b. Calculate the greatest common factor of f and b.
4
Suppose -x + 203 + 497 = o, 0 = -x + o + 692. Calculate the greatest common divisor of 168 and x.
24
Let j be (0/1)/(-1 + -1). Suppose j = 2*y - 6. Suppose -851 = -216*u + 523 + 1218. What is the greatest common divisor of y and u?
3
Let t be (44/(-20))/(-1)*(-100)/(-2 - 2). What is the greatest common factor of t and 220?
55
Let y = 2293 + -2268. What is the highest common divisor of 2575 and y?
25
Let g(c) = 73*c**2 + 2*c. Let n be (-15)/(-13) + 6/(-39). Let t be g(n). What is the greatest common divisor of t and 15?
15
Let u(w) = 15*w - 6. Let l be u(3). Suppose -6*h - 858 = -8*h. What is the highest common divisor of h and l?
39
Let l be (-164)/(517/(-473) + 1). What is the highest common factor of l and 41?
41
Let x be (13 + 47)*((-1)/(-1) - (-3)/(-5)). Calculate the greatest common divisor of x and 36072.
24
Suppose -5*o + o = 3*u - 581, 2*o = 5*u + 297. Let p = o - 132. Let b be (-20)/3*15/(-20)*p. Calculate the greatest common divisor of 10 and b.
10
Let t = 3825 - 3137. Calculate the highest common divisor of 602 and t.
86
Let z = 270 + -245. Let y be (48/10)/(-2)*z/(-5). Let u be -1 + 1 - 3/(-1). What is the greatest common divisor of y and u?
3
Suppose 13*s + 2*s = 30. Let n(b) = -b**2 - 7*b - 12. Let r be n(-4). Suppose r = 9*t - 13*t + 72. Calculate the highest common divisor of s and t.
2
Let m be 29/(3190/198) - (-372)/10. Calculate the highest common factor of m and 219.
3
Let y = 31095 - 30651. Calculate the highest common divisor of y and 9472.
148
Let v = -39102 + 39799. Calculate the greatest common divisor of 2501 and v.
41
Let x be (0 - -2)*(-118)/(-4). Let k = x + -19. Suppose -2*i + 200 = 4*p, 298*i - 4*p + 400 = 302*i. What is the highest common factor of i and k?
20
Let s(n) = -285*n + 3640. Let x be s(-49). What is the highest common factor of x and 35?
35
Suppose 10 = -4*o - 2*n, 0 = o + 4*o - 3*n - 15. Suppose o = -4*c - 12, 4*u = -0*u + 4*c + 396. Calculate the greatest common factor of 24 and u.
24
Let o be (-162)/(-25)*4720/177*5. Calculate the highest common factor of 2322 and o.
54
Let t be ((6736/(-12) - -2) + -1)*(8 - 11). Calculate the greatest common divisor of 123 and t.
41
Suppose 4*u + 3*r = 3, 3*u + 0*u + 29 = 4*r. Let c be -1 - -62 - 1*(-4 - u). Let y = 10 + c. Calculate the highest common divisor of 8 and y.
8
Suppose -z + 15*j + 443 = 16*j, j = 2*z - 889. What is the highest common divisor of z and 1628?
148
Suppose -15*j - 482 = 23*j - 1470. Calculate the greatest common factor of 25688 and j.
26
Suppose 0 = -2*w - 10, 5*k - 6 + 1 = -4*w. Suppose k*b = 13*b - 336. What is the greatest common divisor of b and 21?
21
Let u(z) = 6*z - 10. Let s be u(5). Suppose 0 = 2*m + 4*h - s, m - 5*h = 3*m - 25. Suppose -3*a + 9*a - 2112 = m. What is the highest common factor of a and 32?
32
Let p(j) = -j**3 + 20*j**2 - 29*j - 9. Let u be p(18). Suppose 5*r + 4*r = u. Suppose -1 = x - r. Calculate the greatest common divisor of x and 132.
12
Let j(a) = 15*a**2 - 3*a - 2. Let o be j(-1). Suppose -10*p - 924 = -o*p. Calculate the highest common factor of 44 and p.
22
Suppose -184 = -5*s + o + 51, -4*s = 3*o - 207. What is the greatest common divisor of 5424 and s?
48
Let k(c) = c**3 - 10*c**2 + 65*c - 52. Let h be k(25). What is the highest common divisor of h and 272?
68
Let x be 3514432/95 + 206/(-9785). What is the greatest common factor of x and 106?
106
Suppose 0 = 7*c + 4*c - 44. Let y be 1541/(-92) - (0 + 1/c). Let j be 3*-2*1/2*y. Calculate the highest common divisor of j and 34.
17
Let c be 117 - 24/((-240)/70). Calculate the greatest common factor of 7502 and c.
62
Let p = 8192 - 4214. Calculate the highest common divisor of p and 1170.
234
Let a = 629 - 673. Let i be (-3)/((-11)/(a/(-24)))*10. Calculate the greatest common divisor of i and 365.
5
Suppose -76*i + 228000 = -19*i. What is the highest common factor of i and 30?
10
Let h(u) = u**2 - 11*u + 16. Let j be h(10). Let r(d) = 3*d - 13. Let k be r(j). Let g be ((-2)/4)/(k/(-100)). Calculate the highest common factor of g and 50.
10
Let u(b) be the first derivative of 20*b - 7 + 3/2*b**2. Let d be u(-6). Calculate the greatest common divisor of d and 6.
2
Let v(c) = 45*c**2 - 809*c. Let p be v(18). Calculate the highest common factor of p and 9.
9
Suppose 3*v = -381 + 393. Suppose 7 = 17*d - 18*d + v*w, -4*d + 17 = -w. What is the greatest common factor of d and 75?
5
Let r be 4 + 18/(-4)*(-20 - (-392)/21). Let h(i) = 0*i - i + 0 + 28. Let v be h(r). What is the highest common divisor of v and 48?
6
Let z = -12258 - -12339. Calculate the highest common factor of 18 and z.
9
Suppose -10*q = -24*q - 28. Let t be (-2*1)/(q + (-86)/(-44)). Calculate the greatest common divisor of t and 88.
44
Let q be -30*(-2)/(-36)*6. Suppose 3*l - 162 = -4*t + 586, t = 4. Let y be 3/5 - (-6 + l/q). Calculate the highest common factor of 31 and y.
31
Suppose -2*u = 4*u. Suppose u = -2*r + 97 - 21. What is the greatest common divisor of r and 494?
38
Suppose -51*h + 13871 = -72*w + 73*w, 5*h + 2*w - 1358 = 0. Suppose 0*p - 34 = -p. What is the greatest common divisor of p and h?
34
Let j be (17/(595/42))/(1*12/100). What is the greatest common divisor of 710 and j?
10
Let j be 4374/((-11)/(-99)*-9*4/(-10)). What is the highest common divisor of j and 90?
45
Let o be (-11 + 25)*4/6*15. Let v = -1330 - -706. Let w be v/(-45) - (-6)/45. Calculate the greatest common factor of o and w.
14
Suppose 3*l = 4*l - 3. Suppose 4*m - 4*i - 76 = 0, 3*m - 5*i - 57 = -0*i. Let s be 1 - (l - (-4 + m)). Calculate the highest common factor of 13 and s.
13
Let l = 45 + -44. Let r be l/4 + 4/(-16). Suppose -2*w - w + 504 = r. Calculate the highest common factor of 24 and w.
24
Suppose q - 2*y - 416 = 549, -4*q = -4*y - 3876. Suppose 964*r = q*r - 1548. Calculate the greatest common divisor of r and 4.
4
Let r be 29/(58/324)*(-34)/(-4). What is the highest common factor of 162 and r?
81
Let u = -334 + 466. Let t(m) = 2*m**2 + 7*m + 1. Let p be t(-4). Suppose -q = q + 5*a - 34, -56 = -p*q + 2*a. What is the greatest common factor of q and u?
12
Let v = 55 + -33. Let a be v*(1 + 0/1). Suppose -15 = -j - 3*x - 31, -13*j - 5*x - 4 = 0. Calculate the greatest common divisor of a and j.
2
Let k(o) = -o**3 - 3*o**2 + 31*o - 45. Let f be k(-8). What is the greatest common divisor of 1467 and f?
9
Let t be 3/(-4) - (33/(-12) + 0). Suppose -4*s = -3*v + 66, -t*v + 3*s + 48 = -s. Calculate the greatest common divisor of 90 and v.
18
Let v = -91962 - -92040. Suppose b = 5*s - 252 + 55, 4*s = -4*b + 148. What is the highest common factor of v and s?
39
Suppose -12*v = 87*v + 3*v - 41208. What is the highest common factor of 303 and v?
101
Suppose -3987 - 133288 = -17*q. What is the greatest common divisor of q and 380?
95
Let v be 75/25*(-2 + 3). Let r(y) = -14*y - 2. Let t be r(-1). Suppose -2*o + t = 2*o. Calculate the highest common factor of v and o.
3
Suppose 5*o + 8 = 6*o. Let h be 2 + -5 + (-3 - (2 - o)). Suppose h = 2*d - 100 - 14. Calculate the greatest common divisor of 3 and d.
3
Let f be ((-35)/10 - -4)/((-2)/(-8)). Let v be (-246)/36*-1 - f/(-12). Calculate the highest common divisor of 49 and v.
7
Suppose -7*b + 4173 = 4*x, -2*x + 7*x + 2965 = 5*b. What is the highest common factor of b and 850?
8